r of 420480?
True
Does 76 divide 110808?
True
Does 22 divide 644490?
True
Is 3 a factor of 1521028?
False
Does 132 divide 2218128?
True
Is 254 a factor of 1588059?
False
Does 69 divide 21183?
True
Is 46 a factor of 131107?
False
Is 218530 a multiple of 65?
True
Does 465 divide 37382280?
True
Does 10 divide 13126410?
True
Is 346 a factor of 208108?
False
Is 6 a factor of 11493?
False
Is 18 a factor of 6888672?
True
Does 45 divide 1055475?
True
Does 129 divide 148866?
True
Does 143 divide 223799?
False
Is 54 a factor of 28174?
False
Does 114 divide 593266?
False
Is 49623 a multiple of 131?
False
Does 12 divide 486441?
False
Does 293 divide 440896?
False
Does 95 divide 657210?
True
Is 11 a factor of 75305?
False
Does 402 divide 335513?
False
Does 8 divide 186572?
False
Is 46 a factor of 1466940?
True
Is 481008 a multiple of 44?
True
Does 11 divide 9565773?
False
Is 260 a factor of 148961?
False
Is 1843055 a multiple of 85?
True
Is 59 a factor of 306949?
False
Is 2273619 a multiple of 23?
True
Is 35855 a multiple of 71?
True
Is 90987 a multiple of 21?
False
Does 15 divide 104488?
False
Is 510552 a multiple of 24?
True
Does 71 divide 2116617?
False
Is 35 a factor of 4566100?
True
Is 988046 a multiple of 132?
False
Does 11 divide 388927?
True
Is 4666714 a multiple of 239?
True
Is 411 a factor of 4278636?
False
Does 169 divide 1610955?
False
Is 856296 a multiple of 42?
True
Is 296625 a multiple of 525?
True
Is 2161795 a multiple of 43?
False
Does 72 divide 132744?
False
Is 4675848 a multiple of 21?
False
Does 9 divide 7875?
True
Does 254 divide 720852?
True
Does 238 divide 335104?
True
Is 18548928 a multiple of 72?
True
Is 4097965 a multiple of 331?
False
Is 157590 a multiple of 103?
True
Does 21 divide 1928220?
True
Does 37 divide 104155?
True
Does 565 divide 4731882?
False
Is 19 a factor of 72770?
True
Is 73404 a multiple of 7?
False
Does 17 divide 88585?
False
Is 1144 a factor of 10382491?
False
Is 15 a factor of 2212365?
True
Is 25 a factor of 3288?
False
Is 13 a factor of 830172?
False
Does 52 divide 4921228?
True
Is 13776 a multiple of 82?
True
Is 301287 a multiple of 7?
True
Is 980715 a multiple of 27?
False
Is 153023 a multiple of 37?
False
Is 681 a factor of 3206328?
False
Is 244 a factor of 297651?
False
Is 82 a factor of 286672?
True
Is 7 a factor of 2846995?
False
Is 17021825 a multiple of 25?
True
Is 17 a factor of 54842?
True
Does 29 divide 104835?
True
Does 201 divide 511746?
True
Is 2282920 a multiple of 20?
True
Is 473144 a multiple of 3?
False
Is 69 a factor of 2710923?
False
Is 40833 a multiple of 117?
True
Is 300 a factor of 256200?
True
Does 86 divide 157122?
True
Is 273633 a multiple of 41?
False
Is 331418 a multiple of 34?
False
Does 77 divide 19712?
True
Is 263307 a multiple of 237?
True
Does 51 divide 910603?
False
Is 79870 a multiple of 10?
True
Does 13 divide 850524?
False
Is 20031 a multiple of 33?
True
Is 643125 a multiple of 175?
True
Is 5 a factor of 519440?
True
Does 19 divide 358533?
False
Does 4 divide 102916?
True
Does 31 divide 6406310?
False
Is 52 a factor of 976545?
False
Is 54800 even?
True
Is 3295896 a multiple of 573?
True
Is 7 a factor of 28491?
False
Is 1287 a multiple of 99?
True
Does 22 divide 1480974?
True
Is 90 a factor of 289530?
True
Is 307 a factor of 1886015?
False
Is 69629 a multiple of 343?
True
Does 55 divide 1511541?
False
Is 120674 a multiple of 3?
False
Does 15 divide 3097?
False
Is 369021 a multiple of 121?
False
Does 140 divide 739620?
True
Is 40339 a multiple of 29?
True
Is 254 a factor of 15775922?
False
Is 30240469 a multiple of 90?
False
Is 206 a factor of 7099172?
True
Does 348 divide 815698?
False
Is 1068132 a multiple of 123?
True
Is 49 a factor of 3735172?
True
Does 131 divide 199644?
True
Is 1283104 a multiple of 83?
False
Does 21 divide 58863?
True
Does 28 divide 4903314?
False
Is 1484632 a multiple of 8?
True
Does 1009 divide 412681?
True
Is 8 a factor of 893632?
True
Is 7 a factor of 2522639?
True
Is 238 a factor of 988495?
False
Does 341 divide 1007710?
False
Is 531388 a multiple of 26?
True
Is 43 a factor of 3417176?
False
Does 495 divide 15329889?
False
Is 459179 a multiple of 7?
True
Is 72768 a multiple of 4?
True
Does 363 divide 2862146?
False
Is 603766 a multiple of 74?
True
Is 273850 a multiple of 8?
False
Is 48 a factor of 10690136?
False
Is 12174981 a multiple of 277?
True
Is 17 a factor of 478482?
True
Is 64 a factor of 96128?
True
Does 57 divide 423510?
True
Is 543 a factor of 992604?
True
Does 41 divide 355900?
False
Is 7351464 a multiple of 22?
False
Is 110100 a multiple of 9?
False
Does 20 divide 918927?
False
Does 41 divide 881459?
True
Is 26 a factor of 238277?
False
Does 31 divide 10939404?
True
Does 133 divide 4844924?
True
Does 16 divide 22041?
False
Is 64 a factor of 2907352?
False
Is 161 a factor of 2670507?
True
Does 17 divide 55318?
True
Is 115111 a multiple of 3?
False
Is 112 a factor of 6585936?
True
Does 4 divide 135793?
False
Is 1397840 a multiple of 63?
False
Is 94 a factor of 184240?
True
Is 2 a factor of 1686156?
True
Does 68 divide 11468880?
True
Does 128 divide 142579?
False
Is 134 a factor of 137850?
False
Is 55 a factor of 1195615?
False
Does 756 divide 31619249?
False
Is 151 a factor of 110581?
False
Is 170316 a multiple of 747?
True
Does 492 divide 215939?
False
Does 13 divide 416127?
False
Is 28618 a multiple of 9?
False
Does 24 divide 3308808?
True
Does 73 divide 345874?
True
Is 492210 a multiple of 135?
True
Is 56 a factor of 2281160?
True
Is 840 a factor of 1090320?
True
Does 9 divide 5058393?
False
Does 5 divide 520476?
False
Is 275 a factor of 2150834?
False
Is 64 a factor of 150528?
True
Does 5 divide 203910?
True
Is 1441440 a multiple of 312?
True
Is 84 a factor of 10043158?
False
Is 738239 a multiple of 151?
True
Does 351 divide 434187?
True
Does 1351 divide 1577675?
False
Is 654000 a multiple of 60?
True
Does 68 divide 15865?
False
Does 18 divide 13658436?
True
Is 546162 a multiple of 323?
False
Does 127 divide 6551775?
False
Does 64 divide 604800?
True
Is 96 a factor of 4180369?
False
Is 22119 a multiple of 8?
False
Does 23 divide 19021?
True
Is 13 a factor of 19024?
False
Is 2440211 a multiple of 14?
False
Is 1956773 a multiple of 15?
False
Is 19074 a multiple of 33?
True
Does 20 divide 2189860?
True
Is 28 a factor of 1242416?
True
Is 26 a factor of 21763?
False
Does 5 divide 25515?
True
Is 1865 a multiple of 72?
False
Is 24 a factor of 9037704?
True
Does 12 divide 140856?
True
Does 7 divide 3247055?
True
Does 53 divide 469527?
True
Does 57 divide 537282?
True
Is 212186 a multiple of 26?
True
Does 1020 divide 4087140?
True
Is 244 a factor of 1463024?
True
Is 4475250 a multiple of 162?
True
Does 5 divide 1039299?
False
Is 11 a factor of 1154186?
True
Does 379 divide 127113?
False
Is 913211 a multiple of 10?
False
Is 141 a factor of 504780?
True
Is 247 a factor of 406562?
True
Is 1392514 a multiple of 47?
False
Is 233228 a multiple of 137?
False
Does 26 divide 2573788?
False
Is 29 a factor of 38061186?
False
Does 13 divide 33007?
True
Is 13 a factor of 98122?
False
Is 31461 a multiple of 6?
False
Does 2 divide 4017?
False
Is 395649 a multiple of 9?
True
Is 579 a factor of 884712?
True
Is 39853615 a multiple of 53?
True
Is 66174 a multiple of 34?
False
Is 1555147 a multiple of 407?
True
Does 33 divide 272019?
True
Does 502 divide 3122733?
False
Is 27 a factor of 659033?
False
Does 27 divide 803976?
False
Does 3 divide 14707?
False
Is 7 a factor of 1206647?
False
Is 146750 a multiple of 60?
False
Is 1948407 a multiple of 11?
False
Is 579 a factor of 198882?
False
Is 898 a factor of 773178?
True
Does 305 divide 120780?
True
Is 4 a factor of 506053?
False
Does 251 divide 41917?
True
Is 4804145 a multiple of 1373?
False
Is 1153567 a multiple of 107?
True
Is 148 a factor of 96496?
True
Does 5 divide 182411?
False
Does 314 divide 2903758?
False
Is 12 a factor of 59603?
False
Does 20 divide 2571480?
True
Does 17 divide 505546?
True
Is 2786231 a multiple of 22?
False
Is 24 a factor of 2454?
False
Does 215 divide 454497?
False
Is 7338128 a multiple of 56?
True
Is 4 a factor of 230800?
True
Is 6921733 a multiple of 104?
False
Is 461027 a multiple of 67?
True
Is 69910 a multiple of 43?
False
Is 216 a factor of 18049809?
False
Does 21 divide 2